{"id":212,"date":"2020-07-15T06:00:56","date_gmt":"2020-07-15T06:00:56","guid":{"rendered":"https:\/\/demosites.io\/electronic-store-gb\/?page_id=212"},"modified":"2022-12-07T13:34:24","modified_gmt":"2022-12-07T12:34:24","slug":"2db7c-about","status":"publish","type":"page","link":"https:\/\/av-lan.net\/index.php\/2db7c-about\/","title":{"rendered":"About"},"content":{"rendered":"\n<div id=\"wp-block-themeisle-blocks-advanced-columns-44e1c998\" class=\"wp-block-themeisle-blocks-advanced-columns alignfull has-1-columns has-desktop-equal-layout has-tablet-equal-layout has-mobile-equal-layout has-vertical-unset\"><div class=\"wp-block-themeisle-blocks-advanced-columns-overlay\"><\/div><div class=\"innerblocks-wrap\">\n<div id=\"wp-block-themeisle-blocks-advanced-column-7bf96fe2\" class=\"wp-block-themeisle-blocks-advanced-column\">\n<h4 id=\"wp-block-themeisle-blocks-advanced-heading-5818227a\" class=\"wp-block-themeisle-blocks-advanced-heading wp-block-themeisle-blocks-advanced-heading-5818227a\">AV-LAN.net<\/h4>\n\n\n\n<h1 id=\"wp-block-themeisle-blocks-advanced-heading-b4cf1c0a\" class=\"wp-block-themeisle-blocks-advanced-heading wp-block-themeisle-blocks-advanced-heading-b4cf1c0a\"><strong>\u00dcber uns<\/strong><\/h1>\n\n\n\n<hr class=\"wp-block-separator has-text-color has-nv-text-dark-bg-color has-css-opacity has-nv-text-dark-bg-background-color has-background\"\/>\n<\/div>\n<\/div><\/div>\n\n\n\n<div id=\"wp-block-themeisle-blocks-advanced-columns-97967365\" class=\"wp-block-themeisle-blocks-advanced-columns alignfull has-2-columns has-desktop-equal-layout has-tablet-equal-layout has-mobile-collapsedRows-layout has-vertical-unset\"><div class=\"wp-block-themeisle-blocks-advanced-columns-overlay\"><\/div><div class=\"innerblocks-wrap\">\n<div id=\"wp-block-themeisle-blocks-advanced-column-4a439dd0\" class=\"wp-block-themeisle-blocks-advanced-column\">\n<h2 id=\"wp-block-themeisle-blocks-advanced-heading-fa2330d3\" class=\"wp-block-themeisle-blocks-advanced-heading wp-block-themeisle-blocks-advanced-heading-fa2330d3\">Die Idee<\/h2>\n\n\n\n<p>Als Computer noch per DOS bedient wurden, erwarb ich meine Grundkenntnisse \u00fcber Computer. Durch Ausbildung, Gelegenheitsjobs und vorwiegend sehr viel Interesse an der Informatik, gewann ich \u00fcber die Zeit von mehr als 30 Jahren vertieftes Wissen. Aus Interesse begann ich Anfangs 20 meinen ersten Server in Betrieb zu nehmen. Damals noch mit Windows NT. Inzwischen f\u00fcllt mein Hobby mehrere Racks. Die Betriebssysteme und auch die Verwendung haben sich immer wieder gewandelt.<\/p>\n\n\n\n<p><mark style=\"background-color:rgba(0, 0, 0, 0)\" class=\"has-inline-color has-neve-link-color-color\"><strong>Standort<\/strong><\/mark><\/p>\n\n\n\n<p>Der Haupt-Standort ist unsere Liegenschaft in Winterthur, wo wir auch ausgezeichnete Bedingugnen in Sachen Glasfasernetz vorfinden.<\/p>\n\n\n\n<p><\/p>\n\n\n\n<div style=\"height:20px\" aria-hidden=\"true\" class=\"wp-block-spacer\"><\/div>\n\n\n\n<figure class=\"wp-block-image size-large\"><img fetchpriority=\"high\" decoding=\"async\" width=\"1024\" height=\"576\" src=\"https:\/\/av-lan.net\/wp-content\/uploads\/2022\/10\/20211009_151754-1024x576.jpg\" alt=\"\" class=\"wp-image-367\" srcset=\"https:\/\/av-lan.net\/wp-content\/uploads\/2022\/10\/20211009_151754-1024x576.jpg 1024w, https:\/\/av-lan.net\/wp-content\/uploads\/2022\/10\/20211009_151754-300x169.jpg 300w, https:\/\/av-lan.net\/wp-content\/uploads\/2022\/10\/20211009_151754-768x432.jpg 768w, https:\/\/av-lan.net\/wp-content\/uploads\/2022\/10\/20211009_151754-1536x864.jpg 1536w, https:\/\/av-lan.net\/wp-content\/uploads\/2022\/10\/20211009_151754-2048x1152.jpg 2048w, https:\/\/av-lan.net\/wp-content\/uploads\/2022\/10\/20211009_151754-600x338.jpg 600w\" sizes=\"(max-width: 1024px) 100vw, 1024px\" \/><figcaption class=\"wp-element-caption\">Faszination f\u00fcr Technik in allen Facetten &#8211; hier im Flugzeugmuseum D\u00fcbendorf (N-20 \u201eAiguillon\u201c Prototyp)<\/figcaption><\/figure>\n\n\n\n<div style=\"height:39px\" aria-hidden=\"true\" class=\"wp-block-spacer\"><\/div>\n\n\n\n<p><mark style=\"background-color:rgba(0, 0, 0, 0)\" class=\"has-inline-color has-neve-link-color-color\"><strong>Finanzen<\/strong><\/mark><\/p>\n\n\n\n<p>Leider ist die Infrastruktur, wenn sie nicht professionell vermarktet wird, finanziell ein Fass ohne Boden. Damit wir die Kosten im Verh\u00e4ltnis zum Nutzen nicht sprengen, versuchen wir Kompromisse aus m\u00f6glichst professionellen L\u00f6sungen und tragbaren Kosten zu finden. Dies gestaltet sich oft schwieriger, als die technische Umsetzung.<\/p>\n\n\n\n<p><strong>Dank des Umstiegs auf quelloffene und wenn m\u00f6glich lizenzfreie Produkte, k\u00f6nnen wir die Kosten auf einem vertretbaren Mass halten.<\/strong><\/p>\n\n\n\n<p><\/p>\n<\/div>\n\n\n\n<div id=\"wp-block-themeisle-blocks-advanced-column-a0936139\" class=\"wp-block-themeisle-blocks-advanced-column\">\n<figure class=\"wp-block-image size-large\"><img decoding=\"async\" width=\"1024\" height=\"576\" src=\"https:\/\/av-lan.net\/wp-content\/uploads\/2022\/10\/20220108_180048-1024x576.jpg\" alt=\"\" class=\"wp-image-364\" srcset=\"https:\/\/av-lan.net\/wp-content\/uploads\/2022\/10\/20220108_180048-1024x576.jpg 1024w, https:\/\/av-lan.net\/wp-content\/uploads\/2022\/10\/20220108_180048-300x169.jpg 300w, https:\/\/av-lan.net\/wp-content\/uploads\/2022\/10\/20220108_180048-768x432.jpg 768w, https:\/\/av-lan.net\/wp-content\/uploads\/2022\/10\/20220108_180048-1536x864.jpg 1536w, https:\/\/av-lan.net\/wp-content\/uploads\/2022\/10\/20220108_180048-2048x1152.jpg 2048w, https:\/\/av-lan.net\/wp-content\/uploads\/2022\/10\/20220108_180048-600x338.jpg 600w\" sizes=\"(max-width: 1024px) 100vw, 1024px\" \/><\/figure>\n\n\n\n<div style=\"height:20px\" aria-hidden=\"true\" class=\"wp-block-spacer\"><\/div>\n\n\n\n<h2 class=\"wp-block-heading\">AV-LAN heute<\/h2>\n\n\n\n<p class=\"has-neve-link-color-color has-text-color\"><strong>AV-LAN ist keine Firma, sondern viel mehr eine sich selbst tragende Freundes- und Familienangelegenheit, die aber auch anderen Interessierten offensteht. <\/strong><\/p>\n\n\n\n<p>Im Einsatz stehen Server, auf Windows-Server und auf Linux Debian Basis. Diese bereits etwas in die Jahre gekommenen Arbeitspferde haben bisher \u00e4usserst zuverl\u00e4ssig gearbeitet. Somit lagen Downtimes haupts\u00e4chlich an Stromunterbr\u00fcchen, oder Wartungsarbeiten unseres Internetanbiers.<\/p>\n\n\n\n<p>Inzwischen  w\u00fcrden Stromunterbr\u00fcche keine Unterbr\u00fcche des Betriebs mehr bewirken. Und die Arbeitspferde werden demn\u00e4chst durch neue Syteme ersetzt. Da aber die Chipindustrie aus aktuellen Geschehnissen den gesteckten Ak\u00fcndigungen weit hinterherhinkt, muss die Modernisierung noch etwas warten. <\/p>\n\n\n\n<p><strong>Zweck der Gesamtstruktur ist, die vierschiedenen Liegenschaften und Arbeitspl\u00e4tze im Raum Winterthur, mittels verschiedenen M\u00f6glichkeiten zu verbinden, ohne dass Daten in &#8220;fremde&#8221; Systeme gelangen. Somit decken ausser der Internetverbindung s\u00e4mtliche dazu ben\u00f6tigten Funktionen ab.<\/strong><\/p>\n\n\n\n<ul class=\"wp-block-list\">\n<li>Hard- oder Softwarefirewalls<\/li>\n\n\n\n<li>Netzwerkkomponenten mit sicherer Zugriffssteuerung (fast \u00fcberall per RADIUS)<\/li>\n\n\n\n<li>Schnelle SAN&#8217;s mit dezentralem Backup<\/li>\n\n\n\n<li>Webserver<\/li>\n\n\n\n<li>AD Server<\/li>\n\n\n\n<li>Daten verf\u00fcgbar per: WEBDAV\/VPN Tunneling\/ Nextcloud<\/li>\n\n\n\n<li>Messenger Applikaton auf eigenen Servern gehostet<\/li>\n\n\n\n<li>Exchangeserver auf eingenen Servern gehostet<\/li>\n\n\n\n<li>Backup an 2 verschiedenen Standorten<\/li>\n\n\n\n<li>Einheitliche L\u00f6sung von Accesspoints und Routern<\/li>\n\n\n\n<li>Konsolidierung der Standorte mittels V-Lans<\/li>\n\n\n\n<li>Professionelle Security Appliences<\/li>\n\n\n\n<li>USV mit Notstromaggregat<\/li>\n\n\n\n<li>Daten nach Wunsch auf gesonderten Festplatten (k\u00f6nnen schnell physisch transportiert werden. <\/li>\n<\/ul>\n\n\n\n<div style=\"height:53px\" aria-hidden=\"true\" class=\"wp-block-spacer\"><\/div>\n\n\n\n<h2 class=\"wp-block-heading\">Ein Ort zum Fachsimpeln<\/h2>\n\n\n\n<p>Dank der Arbeit und der Besch\u00e4ftigung mit dem Hobby durfte ich schon viele fachkompetente Personen kennen lernen. Wer technische Themen ausf\u00fchrlich besprechen m\u00f6chte, findet hier immer ein offenes Ohr.  <\/p>\n<\/div>\n<\/div><\/div>\n","protected":false},"excerpt":{"rendered":"","protected":false},"author":2,"featured_media":0,"parent":0,"menu_order":0,"comment_status":"closed","ping_status":"closed","template":"","meta":{"neve_meta_sidebar":"full-width","neve_meta_container":"","neve_meta_enable_content_width":"on","neve_meta_content_width":100,"neve_meta_title_alignment":"","neve_meta_author_avatar":"","neve_post_elements_order":"","neve_meta_disable_header":"","neve_meta_disable_footer":"","neve_meta_disable_title":"on","_themeisle_gutenberg_block_has_review":false,"footnotes":""},"class_list":["post-212","page","type-page","status-publish","hentry"],"_links":{"self":[{"href":"https:\/\/av-lan.net\/index.php\/wp-json\/wp\/v2\/pages\/212","targetHints":{"allow":["GET"]}}],"collection":[{"href":"https:\/\/av-lan.net\/index.php\/wp-json\/wp\/v2\/pages"}],"about":[{"href":"https:\/\/av-lan.net\/index.php\/wp-json\/wp\/v2\/types\/page"}],"author":[{"embeddable":true,"href":"https:\/\/av-lan.net\/index.php\/wp-json\/wp\/v2\/users\/2"}],"replies":[{"embeddable":true,"href":"https:\/\/av-lan.net\/index.php\/wp-json\/wp\/v2\/comments?post=212"}],"version-history":[{"count":0,"href":"https:\/\/av-lan.net\/index.php\/wp-json\/wp\/v2\/pages\/212\/revisions"}],"wp:attachment":[{"href":"https:\/\/av-lan.net\/index.php\/wp-json\/wp\/v2\/media?parent=212"}],"curies":[{"name":"wp","href":"https:\/\/api.w.org\/{rel}","templated":true}]}}